{"version":"1.0","type":"rich","provider_name":"Site Pagestec","provider_url":"https:\/\/www.pagestec.org","title":"Un article sur la d\u00e9fense de la Technologie dans Ouest France","author_name":"Pagestec","width":"480","height":"295","url":"https:\/\/www.pagestec.org\/article1019.html","html":"\u003Ch4 class='title'\u003E\u003Ca href='https:\/\/www.pagestec.org\/article1019.html'\u003EUn article sur la d\u00e9fense de la Technologie dans Ouest France\u003C\/a\u003E\u003C\/h4\u003E\u003Cblockquote class='spip'\u003E\n\u003Cp\u003EUn grand merci \u00e0 Isabelle Gr\u00e9gam, repr\u00e9sentante dans cette action de Pagestec et du syndicat CNMEP (syndicat professionnel du priv\u00e9 sous contrat), pour avoir su faire entendre notre cause dans Ouest France.\n\u003Cbr class='autobr' \/\u003E\n\t  \n\n \t\n\u003Cbr class='autobr' \/\u003E\n\t En compl\u00e9ment de cette article, un document du CNMEP expliquant pourquoi ce syndicat est contre cette r\u00e9forme, et dans lequel Pagestec appara\u00eet aussi.\n\u003Cbr class='autobr' \/\u003E\n\t\n\n\t   &lt;&nbsp;![endif]&mdash;\u003E\u003C\/p\u003E\n\u003C\/blockquote\u003E\n"}

Un article sur la défense de la Technologie dans Ouest France

<h4 class='title'><a href='https://www.pagestec.org/article1019.html'>Un article sur la défense de la Technologie dans Ouest France</a></h4><blockquote class='spip'>
<p>Un grand merci à Isabelle Grégam, représentante dans cette action de Pagestec et du syndicat CNMEP (syndicat professionnel du privé sous contrat), pour avoir su faire entendre notre cause dans Ouest France.
<br class='autobr' />
	  

 	
<br class='autobr' />
	 En complément de cette article, un document du CNMEP expliquant pourquoi ce syndicat est contre cette réforme, et dans lequel Pagestec apparaît aussi.
<br class='autobr' />
	

	   &lt;&nbsp;![endif]&mdash;></p>
</blockquote>
