{"version":"1.0","type":"rich","provider_name":"Site Pagestec","provider_url":"https:\/\/www.pagestec.org","title":"technologies et sciences des ing\u00e9nieurs - cr\u00e9er une cl\u00e9 USB avec les applications portables","author_name":"Daniel Morgenstern","width":"480","height":"295","url":"https:\/\/www.pagestec.org\/article1135.html","html":"\u003Ch4 class='title'\u003E\u003Ca href='https:\/\/www.pagestec.org\/article1135.html'\u003Etechnologies et sciences des ing\u00e9nieurs - cr\u00e9er une cl\u00e9 USB avec les applications portables\u003C\/a\u003E\u003C\/h4\u003E\u003Cblockquote class='spip'\u003E\n\u003Cp\u003ECet article a pour but d\u2019expliquer comment, \u00e0 partir d\u2019une cl\u00e9 vide de 8Go, vous allez pouvoir facilement la charger des applications portabilis\u00e9es n\u00e9cessaires et ainsi faire b\u00e9n\u00e9ficier vos \u00e9l\u00e8ves d\u2019un espace logiciel pr\u00eat \u00e0 l\u2019emploi. \n\u003Cbr class='autobr' \/\u003E\nDaniel Morgenstern\u2019s insight :Grace \u00e0 cette cl\u00e9 USB, les \u00e9l\u00e8ves pourront travailler avec les m\u00eames logiciels qu\u2019au coll\u00e8ge sans que l\u2019ordinateur familial ne soit modifi\u00e9.Merci \u00e0 S. Canet de nous avoir rappel\u00e9 ce \"d\u00e9tournement\" p\u00e9dagogique de la Liberkey. See it on Scoop.it, via&nbsp;(...)\u003C\/p\u003E\n\u003C\/blockquote\u003E\n"}

technologies et sciences des ingénieurs - créer une clé USB avec les applications portables

<h4 class='title'><a href='https://www.pagestec.org/article1135.html'>technologies et sciences des ingénieurs - créer une clé USB avec les applications portables</a></h4><blockquote class='spip'>
<p>Cet article a pour but d’expliquer comment, à partir d’une clé vide de 8Go, vous allez pouvoir facilement la charger des applications portabilisées nécessaires et ainsi faire bénéficier vos élèves d’un espace logiciel prêt à l’emploi. 
<br class='autobr' />
Daniel Morgenstern’s insight :Grace à cette clé USB, les élèves pourront travailler avec les mêmes logiciels qu’au collège sans que l’ordinateur familial ne soit modifié.Merci à S. Canet de nous avoir rappelé ce "détournement" pédagogique de la Liberkey. See it on Scoop.it, via&nbsp;(...)</p>
</blockquote>
