{"version":"1.0","type":"rich","provider_name":"Site Pagestec","provider_url":"https:\/\/www.pagestec.org","title":"Huiti\u00e8me \u00e9dition du FOREDD les 28 et 29 janvier 2016","author_name":"Antoine Desprez","width":"480","height":"295","url":"https:\/\/www.pagestec.org\/article1510.html","html":"\u003Ch4 class='title'\u003E\u003Ca href='https:\/\/www.pagestec.org\/article1510.html'\u003EHuiti\u00e8me \u00e9dition du FOREDD les 28 et 29 janvier 2016\u003C\/a\u003E\u003C\/h4\u003E\u003Cblockquote class='spip'\u003E\n\u003Cp\u003ELa huiti\u00e8me \u00e9dition du Forum des ressources pour l\u2019\u00e9ducation au d\u00e9veloppement durable (FOREDD) aura lieu les 28 et 29 janvier 2016 au Canop\u00e9 d\u2019Amiens.\u003C\/p\u003E\n\u003C\/blockquote\u003E\n"}

Huitième édition du FOREDD les 28 et 29 janvier 2016

<h4 class='title'><a href='https://www.pagestec.org/article1510.html'>Huitième édition du FOREDD les 28 et 29 janvier 2016</a></h4><blockquote class='spip'>
<p>La huitième édition du Forum des ressources pour l’éducation au développement durable (FOREDD) aura lieu les 28 et 29 janvier 2016 au Canopé d’Amiens.</p>
</blockquote>
