{"version":"1.0","type":"rich","provider_name":"Site Pagestec","provider_url":"https:\/\/www.pagestec.org","title":"Un FabLab en projet au coll\u00e8ge G\u00e9rard-Philipe","author_name":"Daniel Morgenstern","width":"480","height":"295","url":"https:\/\/www.pagestec.org\/article1836.html","html":"\u003Ch4 class='title'\u003E\u003Ca href='https:\/\/www.pagestec.org\/article1836.html'\u003EUn FabLab en projet au coll\u00e8ge G\u00e9rard-Philipe\u003C\/a\u003E\u003C\/h4\u003E\u003Cblockquote class='spip'\u003E\n\u003Cp\u003EQuand le monde de l\u2019entreprise rencontre celui de l\u2019\u00e9ducation, peut \u00e9merger un &#8220; laboratoire de fabrication &#8221; innovant et p\u00e9dagogique. \n\u003Cbr class='autobr' \/\u003E\n Sur la porte menant aux salles d\u00e9di\u00e9es \u00e0 l\u2019enseignement de la technologie, le mot &#171;&nbsp;FabLab&nbsp;&#187; est inscrit en gros. L\u2019anglicisme est \u00e0 la mode mais &#171;&nbsp;le laboratoire de fabrication&nbsp;&#187; qui en est sa traduction imm\u00e9diate cache quelques concepts novateurs. Mercredi matin, une dizaine d\u2019entrepreneurs chauvinois ont pu s\u2019en rendre compte en r\u00e9pondant \u00e0 l\u2019invitation d\u2019Eric Robuchon,&nbsp;(...)\u003C\/p\u003E\n\u003C\/blockquote\u003E\n"}

Un FabLab en projet au collège Gérard-Philipe

<h4 class='title'><a href='https://www.pagestec.org/article1836.html'>Un FabLab en projet au collège Gérard-Philipe</a></h4><blockquote class='spip'>
<p>Quand le monde de l’entreprise rencontre celui de l’éducation, peut émerger un &#8220; laboratoire de fabrication &#8221; innovant et pédagogique. 
<br class='autobr' />
 Sur la porte menant aux salles dédiées à l’enseignement de la technologie, le mot &#171;&nbsp;FabLab&nbsp;&#187; est inscrit en gros. L’anglicisme est à la mode mais &#171;&nbsp;le laboratoire de fabrication&nbsp;&#187; qui en est sa traduction immédiate cache quelques concepts novateurs. Mercredi matin, une dizaine d’entrepreneurs chauvinois ont pu s’en rendre compte en répondant à l’invitation d’Eric Robuchon,&nbsp;(...)</p>
</blockquote>
