{"version":"1.0","type":"rich","provider_name":"Site Pagestec","provider_url":"https:\/\/www.pagestec.org","title":"Profs, contr\u00f4lez vos donn\u00e9es sur les r\u00e9seaux sociaux - Blog de Julien Delmas","author_name":"Daniel Morgenstern","width":"480","height":"295","url":"https:\/\/www.pagestec.org\/article1948.html","html":"\u003Ch4 class='title'\u003E\u003Ca href='https:\/\/www.pagestec.org\/article1948.html'\u003EProfs, contr\u00f4lez vos donn\u00e9es sur les r\u00e9seaux sociaux - Blog de Julien Delmas\u003C\/a\u003E\u003C\/h4\u003E\u003Cblockquote class='spip'\u003E\n\u003Cp\u003EVous avez un compte sur les r\u00e9seaux sociaux&nbsp;? Vous n\u2019aimeriez pas que vos \u00e9l\u00e8ves et parents d\u2019\u00e9l\u00e8ves voient vos photos de vacances&nbsp;? Soyez vigilants et faites quelques manipulations pour contr\u00f4ler l\u2019affichage de vos donn\u00e9es personnelles. \n\u003Cbr class='autobr' \/\u003E\nDaniel Morgenstern\u2019s insight :Des conseils assez connus mais toujours tr\u00e8s utiles \u00e0 rappeler, et adapt\u00e9s \u00e0 la position du prof. avec les r\u00e9seaux sociaux. See it on Scoop.it, via Ressources pour la Technologie au&nbsp;(...)\u003C\/p\u003E\n\u003C\/blockquote\u003E\n"}

Profs, contrôlez vos données sur les réseaux sociaux - Blog de Julien Delmas

<h4 class='title'><a href='https://www.pagestec.org/article1948.html'>Profs, contrôlez vos données sur les réseaux sociaux - Blog de Julien Delmas</a></h4><blockquote class='spip'>
<p>Vous avez un compte sur les réseaux sociaux&nbsp;? Vous n’aimeriez pas que vos élèves et parents d’élèves voient vos photos de vacances&nbsp;? Soyez vigilants et faites quelques manipulations pour contrôler l’affichage de vos données personnelles. 
<br class='autobr' />
Daniel Morgenstern’s insight :Des conseils assez connus mais toujours très utiles à rappeler, et adaptés à la position du prof. avec les réseaux sociaux. See it on Scoop.it, via Ressources pour la Technologie au&nbsp;(...)</p>
</blockquote>
