{"version":"1.0","type":"rich","provider_name":"Site Pagestec","provider_url":"https:\/\/www.pagestec.org","title":"Emmanuel Macron veut enlever &#171;&nbsp;quelques semaines de vacances&nbsp;&#187;","author_name":"Caf\u00e9 p\u00e9dagogique","width":"480","height":"295","url":"https:\/\/www.pagestec.org\/article4527.html","html":"\u003Ch4 class='title'\u003E\u003Ca href='https:\/\/www.pagestec.org\/article4527.html'\u003EEmmanuel Macron veut enlever &#171;&nbsp;quelques semaines de vacances&nbsp;&#187;\u003C\/a\u003E\u003C\/h4\u003E\u003Cblockquote class='spip'\u003E\n\u003Cp\u003E&#171;&nbsp;La France a des vacances plus longues que dans d\u2019autres pays&nbsp;&#187;, lance Emmanuel Macron \u00e0 Colmar ce dimanche 2 f\u00e9vrier. &#171;&nbsp;On a rajout\u00e9 des vacances. A la Toussaint et \u00e0 L\u2019article Emmanuel Macron veut enlever &#171;&nbsp;quelques semaines de vacances&nbsp;&#187; est apparu en premier sur Le Caf\u00e9 (...)\u003C\/p\u003E\n\u003C\/blockquote\u003E\n"}

Café pédagogique

<h4 class='title'><a href='https://www.pagestec.org/article4527.html'>Emmanuel Macron veut enlever &#171;&nbsp;quelques semaines de vacances&nbsp;&#187;</a></h4><blockquote class='spip'>
<p>&#171;&nbsp;La France a des vacances plus longues que dans d’autres pays&nbsp;&#187;, lance Emmanuel Macron à Colmar ce dimanche 2 février. &#171;&nbsp;On a rajouté des vacances. A la Toussaint et à L’article Emmanuel Macron veut enlever &#171;&nbsp;quelques semaines de vacances&nbsp;&#187; est apparu en premier sur Le Café (...)</p>
</blockquote>
