{"version":"1.0","type":"rich","provider_name":"Site Pagestec","provider_url":"https:\/\/www.pagestec.org","title":"La r\u00e9ponse du minist\u00e8re au courrier de Pagestec - juin 2025","author_name":"Pagestec","width":"480","height":"295","url":"https:\/\/www.pagestec.org\/article4667.html","html":"\u003Ch4 class='title'\u003E\u003Ca href='https:\/\/www.pagestec.org\/article4667.html'\u003ELa r\u00e9ponse du minist\u00e8re au courrier de Pagestec - juin 2025\u003C\/a\u003E\u003C\/h4\u003E\u003Cblockquote class='spip'\u003E\n\u003Cp\u003ELe 8 mai 2025, suite \u00e0 un interview de Madame la ministre Elisabeth BORNE sur France Inter, j\u2019ai r\u00e9dig\u00e9 au nom de l\u2019association un courrier pour lui indiquer que, si elle voulait bien nous en donner les moyens, la Technologie au coll\u00e8ge pouvait prendre sa place, au m\u00eame titre que les Maths, dans son plan pour inciter les filles \u00e0 se tourner vers les \u00e9tudes d\u2019ing\u00e9nieur. \n\u003Cbr class='autobr' \/\u003E\nJ\u2019en profitais pour, \u00e0 nouveau, pr\u00e9senter nos conditions de travail inadapt\u00e9es, tant en moyens qu\u2019en effectifs surcharg\u00e9s. \n\u003Cbr class='autobr' \/\u003E\nLe courrier&nbsp;(...)\u003C\/p\u003E\n\u003C\/blockquote\u003E\n"}

La réponse du ministère au courrier de Pagestec - juin 2025

<h4 class='title'><a href='https://www.pagestec.org/article4667.html'>La réponse du ministère au courrier de Pagestec - juin 2025</a></h4><blockquote class='spip'>
<p>Le 8 mai 2025, suite à un interview de Madame la ministre Elisabeth BORNE sur France Inter, j’ai rédigé au nom de l’association un courrier pour lui indiquer que, si elle voulait bien nous en donner les moyens, la Technologie au collège pouvait prendre sa place, au même titre que les Maths, dans son plan pour inciter les filles à se tourner vers les études d’ingénieur. 
<br class='autobr' />
J’en profitais pour, à nouveau, présenter nos conditions de travail inadaptées, tant en moyens qu’en effectifs surchargés. 
<br class='autobr' />
Le courrier&nbsp;(...)</p>
</blockquote>
