{"version":"1.0","type":"rich","provider_name":"Site Pagestec","provider_url":"https:\/\/www.pagestec.org","title":"Rentr\u00e9e 2026&nbsp;: 4 032 postes supprim\u00e9s dans les \u00e9coles, coll\u00e8ges et lyc\u00e9es","author_name":"Caf\u00e9 p\u00e9dagogique","width":"480","height":"295","url":"https:\/\/www.pagestec.org\/article4868.html","html":"\u003Ch4 class='title'\u003E\u003Ca href='https:\/\/www.pagestec.org\/article4868.html'\u003ERentr\u00e9e 2026&nbsp;: 4 032 postes supprim\u00e9s dans les \u00e9coles, coll\u00e8ges et lyc\u00e9es\u003C\/a\u003E\u003C\/h4\u003E\u003Cblockquote class='spip'\u003E\n\u003Cp\u003EC\u2019est une rentr\u00e9e 2026 qui se pr\u00e9pare sous le signe de l\u2019aust\u00e9rit\u00e9. Manque de moyens, et cons\u00e9quences directes pour les \u00e9l\u00e8ves&nbsp;: un large consensus syndical se d\u00e9gage pour d\u00e9noncer L\u2019article Rentr\u00e9e 2026&nbsp;: 4 032 postes supprim\u00e9s dans les \u00e9coles, coll\u00e8ges et lyc\u00e9es est apparu en premier sur Le Caf\u00e9 (...)\u003C\/p\u003E\n\u003C\/blockquote\u003E\n"}

Rentrée 2026&nbsp;: 4 032 postes supprimés dans les écoles, collèges et lycées

Café pédagogique

<h4 class='title'><a href='https://www.pagestec.org/article4868.html'>Rentrée 2026&nbsp;: 4 032 postes supprimés dans les écoles, collèges et lycées</a></h4><blockquote class='spip'>
<p>C’est une rentrée 2026 qui se prépare sous le signe de l’austérité. Manque de moyens, et conséquences directes pour les élèves&nbsp;: un large consensus syndical se dégage pour dénoncer L’article Rentrée 2026&nbsp;: 4 032 postes supprimés dans les écoles, collèges et lycées est apparu en premier sur Le Café (...)</p>
</blockquote>
