{"version":"1.0","type":"rich","provider_name":"Site Pagestec","provider_url":"https:\/\/www.pagestec.org","title":"E. Geffray plaide pour d\u00e9caler le d\u00e9but des cours \u00e0 9h","author_name":"Elsa Doladille","width":"480","height":"295","url":"https:\/\/www.pagestec.org\/article4924.html","html":"\u003Ch4 class='title'\u003E\u003Ca href='https:\/\/www.pagestec.org\/article4924.html'\u003EE. Geffray plaide pour d\u00e9caler le d\u00e9but des cours \u00e0 9h\u003C\/a\u003E\u003C\/h4\u003E\u003Cblockquote class='spip'\u003E\n\u003Cp\u003EPour le ministre de l\u2019Education nationale, les coll\u00e9giens et lyc\u00e9ens doivent d\u00e9buter leur journ\u00e9e de cours \u00e0 9h au lieu de 8h. L\u2019article E. Geffray plaide pour d\u00e9caler le d\u00e9but des cours \u00e0 9h est apparu en premier sur VousNousIls.\u003C\/p\u003E\n\u003C\/blockquote\u003E\n"}

E. Geffray plaide pour décaler le début des cours à 9h

<h4 class='title'><a href='https://www.pagestec.org/article4924.html'>E. Geffray plaide pour décaler le début des cours à 9h</a></h4><blockquote class='spip'>
<p>Pour le ministre de l’Education nationale, les collégiens et lycéens doivent débuter leur journée de cours à 9h au lieu de 8h. L’article E. Geffray plaide pour décaler le début des cours à 9h est apparu en premier sur VousNousIls.</p>
</blockquote>
